{"id":125,"date":"2021-07-21T10:54:56","date_gmt":"2021-07-21T08:54:56","guid":{"rendered":"http:\/\/cflformationchr.fr\/?page_id=125"},"modified":"2025-05-23T08:23:26","modified_gmt":"2025-05-23T06:23:26","slug":"management-operationnel","status":"publish","type":"page","link":"https:\/\/cflformationchr.fr\/index.php\/management-operationnel\/","title":{"rendered":"Management d&#8217;\u00e9quipe en Restauration"},"content":{"rendered":"<div class=\"wp-block-image\">\n<figure class=\"aligncenter size-full\"><img loading=\"lazy\" decoding=\"async\" width=\"960\" height=\"455\" src=\"https:\/\/cflformationchr.fr\/wp-content\/uploads\/2025\/02\/MANAGEMENT-2.jpg\" alt=\"\" class=\"wp-image-2133\" srcset=\"https:\/\/cflformationchr.fr\/wp-content\/uploads\/2025\/02\/MANAGEMENT-2.jpg 960w, https:\/\/cflformationchr.fr\/wp-content\/uploads\/2025\/02\/MANAGEMENT-2-300x142.jpg 300w, https:\/\/cflformationchr.fr\/wp-content\/uploads\/2025\/02\/MANAGEMENT-2-768x364.jpg 768w\" sizes=\"(max-width: 960px) 100vw, 960px\" \/><\/figure><\/div>\n\n\n<p><\/p>\n\n\n\n<div class=\"wp-block-media-text is-stacked-on-mobile\" style=\"grid-template-columns:45% auto\"><figure class=\"wp-block-media-text__media\"><img loading=\"lazy\" decoding=\"async\" width=\"549\" height=\"358\" src=\"https:\/\/cflformationchr.fr\/wp-content\/uploads\/2025\/05\/9-2.png\" alt=\"\" class=\"wp-image-2351 size-full\" srcset=\"https:\/\/cflformationchr.fr\/wp-content\/uploads\/2025\/05\/9-2.png 549w, https:\/\/cflformationchr.fr\/wp-content\/uploads\/2025\/05\/9-2-300x196.png 300w\" sizes=\"(max-width: 549px) 100vw, 549px\" \/><\/figure><div class=\"wp-block-media-text__content\">\n<p class=\"has-vivid-cyan-blue-color has-text-color has-link-color has-large-font-size wp-elements-ab81d0f5461619070aa3522bf1b5fd4b\" style=\"text-decoration:underline\"><strong><em>Objectifs<\/em><\/strong><\/p>\n\n\n\n<p>D\u00e9velopper son sentiment d\u2019appartenance<\/p>\n\n\n\n<p>Communiquer efficacement aupr\u00e8s de ses collaborateurs afin de transmettre des informations et des axes de progr\u00e8s<\/p>\n\n\n\n<p>D\u00e9velopper les comp\u00e9tences des collaborateurs <\/p>\n\n\n\n<p>Animer et motiver son \u00e9quipe en coh\u00e9rence avec les syst\u00e8mes de management<\/p>\n<\/div><\/div>\n\n\n\n<p><\/p>\n\n\n\n<div class=\"wp-block-columns is-layout-flex wp-container-core-columns-is-layout-1 wp-block-columns-is-layout-flex\">\n<div class=\"wp-block-column is-layout-flow wp-block-column-is-layout-flow\" style=\"flex-basis:25%\"><div class=\"wp-block-image\">\n<figure class=\"aligncenter size-full is-resized\"><img loading=\"lazy\" decoding=\"async\" width=\"176\" height=\"220\" src=\"https:\/\/cflformationchr.fr\/wp-content\/uploads\/2025\/05\/test-6.gif\" alt=\"\" class=\"wp-image-2309\" style=\"width:92px;height:auto\"\/><\/figure><\/div><\/div>\n\n\n\n<div class=\"wp-block-column is-layout-flow wp-block-column-is-layout-flow\" style=\"flex-basis:50%\">\n<p class=\"has-text-align-center\">Cliquer <a href=\"https:\/\/forms.gle\/exzNxUnE8kxFarraA\">ici<\/a> afin d\u2019effectuer votre test d\u2019auto positionnement<\/p>\n<\/div>\n\n\n\n<div class=\"wp-block-column is-layout-flow wp-block-column-is-layout-flow\" style=\"flex-basis:25%\"><div class=\"wp-block-image\">\n<figure class=\"aligncenter size-full is-resized\"><img loading=\"lazy\" decoding=\"async\" width=\"176\" height=\"220\" src=\"https:\/\/cflformationchr.fr\/wp-content\/uploads\/2025\/05\/test-6.gif\" alt=\"\" class=\"wp-image-2309\" style=\"width:92px;height:auto\"\/><\/figure><\/div><\/div>\n<\/div>\n\n\n\n<div data-wp-interactive=\"core\/file\" class=\"wp-block-file\"><object data-wp-bind--hidden=\"!state.hasPdfPreview\"  class=\"wp-block-file__embed\" data=\"https:\/\/cflformationchr.fr\/wp-content\/uploads\/2025\/05\/Programme-de-formation-MANAGEMENT-V1-MAJ-07.05.2025.pdf\" type=\"application\/pdf\" style=\"width:100%;height:600px\" aria-label=\"Contenu embarqu\u00e9 Programme-de-formation-MANAGEMENT-V1-MAJ-07.05.2025.\"><\/object><a id=\"wp-block-file--media-d981c5a4-c157-434e-8b9e-d18f068d75ce\" href=\"https:\/\/cflformationchr.fr\/wp-content\/uploads\/2025\/05\/Programme-de-formation-MANAGEMENT-V1-MAJ-07.05.2025.pdf\">Programme-de-formation-MANAGEMENT-V1-MAJ-07.05.2025<\/a><a href=\"https:\/\/cflformationchr.fr\/wp-content\/uploads\/2025\/05\/Programme-de-formation-MANAGEMENT-V1-MAJ-07.05.2025.pdf\" class=\"wp-block-file__button wp-element-button\" download aria-describedby=\"wp-block-file--media-d981c5a4-c157-434e-8b9e-d18f068d75ce\">T\u00e9l\u00e9charger<\/a><\/div>\n","protected":false},"excerpt":{"rendered":"<p>Objectifs D\u00e9velopper son sentiment d\u2019appartenance Communiquer efficacement aupr\u00e8s de ses collaborateurs afin de transmettre des informations et des axes de progr\u00e8s D\u00e9velopper les comp\u00e9tences des &hellip; <\/p>\n","protected":false},"author":1,"featured_media":0,"parent":0,"menu_order":0,"comment_status":"closed","ping_status":"closed","template":"","meta":{"footnotes":""},"_links":{"self":[{"href":"https:\/\/cflformationchr.fr\/index.php\/wp-json\/wp\/v2\/pages\/125"}],"collection":[{"href":"https:\/\/cflformationchr.fr\/index.php\/wp-json\/wp\/v2\/pages"}],"about":[{"href":"https:\/\/cflformationchr.fr\/index.php\/wp-json\/wp\/v2\/types\/page"}],"author":[{"embeddable":true,"href":"https:\/\/cflformationchr.fr\/index.php\/wp-json\/wp\/v2\/users\/1"}],"replies":[{"embeddable":true,"href":"https:\/\/cflformationchr.fr\/index.php\/wp-json\/wp\/v2\/comments?post=125"}],"version-history":[{"count":45,"href":"https:\/\/cflformationchr.fr\/index.php\/wp-json\/wp\/v2\/pages\/125\/revisions"}],"predecessor-version":[{"id":2352,"href":"https:\/\/cflformationchr.fr\/index.php\/wp-json\/wp\/v2\/pages\/125\/revisions\/2352"}],"wp:attachment":[{"href":"https:\/\/cflformationchr.fr\/index.php\/wp-json\/wp\/v2\/media?parent=125"}],"curies":[{"name":"wp","href":"https:\/\/api.w.org\/{rel}","templated":true}]}}