{"id":134,"date":"2021-07-21T10:59:15","date_gmt":"2021-07-21T08:59:15","guid":{"rendered":"http:\/\/cflformationchr.fr\/?page_id=134"},"modified":"2025-05-23T08:25:24","modified_gmt":"2025-05-23T06:25:24","slug":"gestion-des-conflits","status":"publish","type":"page","link":"https:\/\/cflformationchr.fr\/index.php\/gestion-des-conflits\/","title":{"rendered":"Gestion des Conflits"},"content":{"rendered":"<div class=\"wp-block-image\">\n<figure class=\"aligncenter size-full\"><img loading=\"lazy\" decoding=\"async\" width=\"960\" height=\"455\" src=\"https:\/\/cflformationchr.fr\/wp-content\/uploads\/2025\/02\/CONFLIT-1.jpg\" alt=\"\" class=\"wp-image-2109\" srcset=\"https:\/\/cflformationchr.fr\/wp-content\/uploads\/2025\/02\/CONFLIT-1.jpg 960w, https:\/\/cflformationchr.fr\/wp-content\/uploads\/2025\/02\/CONFLIT-1-300x142.jpg 300w, https:\/\/cflformationchr.fr\/wp-content\/uploads\/2025\/02\/CONFLIT-1-768x364.jpg 768w\" sizes=\"(max-width: 960px) 100vw, 960px\" \/><\/figure><\/div>\n\n\n<p><\/p>\n\n\n\n<div class=\"wp-block-media-text is-stacked-on-mobile\" style=\"grid-template-columns:45% auto\"><figure class=\"wp-block-media-text__media\"><img loading=\"lazy\" decoding=\"async\" width=\"335\" height=\"311\" src=\"https:\/\/cflformationchr.fr\/wp-content\/uploads\/2025\/05\/5-1.png\" alt=\"\" class=\"wp-image-2353 size-full\" srcset=\"https:\/\/cflformationchr.fr\/wp-content\/uploads\/2025\/05\/5-1.png 335w, https:\/\/cflformationchr.fr\/wp-content\/uploads\/2025\/05\/5-1-300x279.png 300w\" sizes=\"(max-width: 335px) 100vw, 335px\" \/><\/figure><div class=\"wp-block-media-text__content\">\n<p class=\"has-vivid-cyan-blue-color has-text-color has-link-color has-large-font-size wp-elements-ab81d0f5461619070aa3522bf1b5fd4b\" style=\"text-decoration:underline\"><strong><em>Objectifs<\/em><\/strong><\/p>\n\n\n\n<p>\u00c9tablir un bon diagnostic du conflit<\/p>\n\n\n\n<p>Contr\u00f4ler vos \u00e9motions dans un contexte professionnel<\/p>\n\n\n\n<p>Pratiquer l&#8217;\u00e9coute active et communiquer positivement<\/p>\n\n\n\n<p>Intervenir de mani\u00e8re adapt\u00e9e en cas de conflit<\/p>\n\n\n\n<p>Assurer le suivi de l&#8217;apr\u00e8s-conflit<\/p>\n\n\n\n<p>Pr\u00e9venir les conflits en favorisant la coop\u00e9ration et le bien-\u00eatre.<\/p>\n<\/div><\/div>\n\n\n\n<p><\/p>\n\n\n\n<div data-wp-interactive=\"core\/file\" class=\"wp-block-file\"><object data-wp-bind--hidden=\"!state.hasPdfPreview\"  class=\"wp-block-file__embed\" data=\"https:\/\/cflformationchr.fr\/wp-content\/uploads\/2025\/05\/Programme-de-formation-GESTION-DES-CONFLITS-V1-MAJ-07.05.2025.pdf\" type=\"application\/pdf\" style=\"width:100%;height:600px\" aria-label=\"Contenu embarqu\u00e9 Programme-de-formation-GESTION-DES-CONFLITS-V1-MAJ-07.05.2025.\"><\/object><a id=\"wp-block-file--media-e2a9f336-d52d-4b01-8a15-03526f61fb06\" href=\"https:\/\/cflformationchr.fr\/wp-content\/uploads\/2025\/05\/Programme-de-formation-GESTION-DES-CONFLITS-V1-MAJ-07.05.2025.pdf\">Programme-de-formation-GESTION-DES-CONFLITS-V1-MAJ-07.05.2025<\/a><a href=\"https:\/\/cflformationchr.fr\/wp-content\/uploads\/2025\/05\/Programme-de-formation-GESTION-DES-CONFLITS-V1-MAJ-07.05.2025.pdf\" class=\"wp-block-file__button wp-element-button\" download aria-describedby=\"wp-block-file--media-e2a9f336-d52d-4b01-8a15-03526f61fb06\">T\u00e9l\u00e9charger<\/a><\/div>\n","protected":false},"excerpt":{"rendered":"<p>Objectifs \u00c9tablir un bon diagnostic du conflit Contr\u00f4ler vos \u00e9motions dans un contexte professionnel Pratiquer l&#8217;\u00e9coute active et communiquer positivement Intervenir de mani\u00e8re adapt\u00e9e en &hellip; <\/p>\n","protected":false},"author":1,"featured_media":0,"parent":0,"menu_order":0,"comment_status":"closed","ping_status":"closed","template":"","meta":{"footnotes":""},"_links":{"self":[{"href":"https:\/\/cflformationchr.fr\/index.php\/wp-json\/wp\/v2\/pages\/134"}],"collection":[{"href":"https:\/\/cflformationchr.fr\/index.php\/wp-json\/wp\/v2\/pages"}],"about":[{"href":"https:\/\/cflformationchr.fr\/index.php\/wp-json\/wp\/v2\/types\/page"}],"author":[{"embeddable":true,"href":"https:\/\/cflformationchr.fr\/index.php\/wp-json\/wp\/v2\/users\/1"}],"replies":[{"embeddable":true,"href":"https:\/\/cflformationchr.fr\/index.php\/wp-json\/wp\/v2\/comments?post=134"}],"version-history":[{"count":35,"href":"https:\/\/cflformationchr.fr\/index.php\/wp-json\/wp\/v2\/pages\/134\/revisions"}],"predecessor-version":[{"id":2354,"href":"https:\/\/cflformationchr.fr\/index.php\/wp-json\/wp\/v2\/pages\/134\/revisions\/2354"}],"wp:attachment":[{"href":"https:\/\/cflformationchr.fr\/index.php\/wp-json\/wp\/v2\/media?parent=134"}],"curies":[{"name":"wp","href":"https:\/\/api.w.org\/{rel}","templated":true}]}}