{"id":2466,"date":"2026-04-28T14:22:31","date_gmt":"2026-04-28T12:22:31","guid":{"rendered":"https:\/\/cflformationchr.fr\/?page_id=2466"},"modified":"2026-04-28T14:23:35","modified_gmt":"2026-04-28T12:23:35","slug":"2466-2","status":"publish","type":"page","link":"https:\/\/cflformationchr.fr\/index.php\/2466-2\/","title":{"rendered":"Nettoyage Extr\u00eame apr\u00e8s D\u00e9c\u00e8s"},"content":{"rendered":"\n<figure class=\"wp-block-image size-large\"><img loading=\"lazy\" decoding=\"async\" width=\"1024\" height=\"425\" src=\"https:\/\/cflformationchr.fr\/wp-content\/uploads\/2026\/04\/Nettoyage-Extreme-apres-Deces-1-1024x425.png\" alt=\"\" class=\"wp-image-2460\" srcset=\"https:\/\/cflformationchr.fr\/wp-content\/uploads\/2026\/04\/Nettoyage-Extreme-apres-Deces-1-1024x425.png 1024w, https:\/\/cflformationchr.fr\/wp-content\/uploads\/2026\/04\/Nettoyage-Extreme-apres-Deces-1-300x124.png 300w, https:\/\/cflformationchr.fr\/wp-content\/uploads\/2026\/04\/Nettoyage-Extreme-apres-Deces-1-768x318.png 768w, https:\/\/cflformationchr.fr\/wp-content\/uploads\/2026\/04\/Nettoyage-Extreme-apres-Deces-1.png 1119w\" sizes=\"(max-width: 1024px) 100vw, 1024px\" \/><\/figure>\n\n\n\n<div class=\"wp-block-columns is-layout-flex wp-container-core-columns-is-layout-1 wp-block-columns-is-layout-flex\">\n<div class=\"wp-block-column is-layout-flow wp-block-column-is-layout-flow\" style=\"flex-basis:33.33%\">\n<figure class=\"wp-block-image size-full is-resized\"><img loading=\"lazy\" decoding=\"async\" width=\"423\" height=\"590\" src=\"https:\/\/cflformationchr.fr\/wp-content\/uploads\/2026\/04\/Sans_titre-removebg-preview.png\" alt=\"\" class=\"wp-image-2464\" style=\"width:311px;height:auto\" srcset=\"https:\/\/cflformationchr.fr\/wp-content\/uploads\/2026\/04\/Sans_titre-removebg-preview.png 423w, https:\/\/cflformationchr.fr\/wp-content\/uploads\/2026\/04\/Sans_titre-removebg-preview-215x300.png 215w\" sizes=\"(max-width: 423px) 100vw, 423px\" \/><\/figure>\n<\/div>\n\n\n\n<div class=\"wp-block-column is-layout-flow wp-block-column-is-layout-flow\" style=\"flex-basis:66.66%\">\n<p class=\"has-vivid-cyan-blue-color has-text-color has-link-color has-large-font-size wp-elements-1314f7009d960176dba436eb652f3aa8\"><strong><em>Objectifs<\/em><\/strong><\/p>\n\n\n\n<p>\u2022 Comprendre les enjeux sanitaires et r\u00e9glementaires lies au nettoyage des sc\u00e8nes de crime.<\/p>\n\n\n\n<p>\u2022 Maitriser les normes l\u00e9gales et les protocoles de s\u00e9curit\u00e9 pour prot\u00e9ger les intervenants et l&#8217;environnement.<\/p>\n\n\n\n<p>\u2022 Acqu\u00e9rir une connaissance approfondie des produits sp\u00e9cifiques et des outils adaptes a ce m\u00e9tier.<\/p>\n\n\n\n<p>\u2022 Savoir appliquer des techniques de nettoyage et de d\u00e9sinfection efficaces et conformes aux standards. \u2022 \u00catre capable de g\u00e9rer les d\u00e9chets biologiques et contamines selon les normes en vigueur.<\/p>\n<\/div>\n<\/div>\n\n\n\n<div data-wp-interactive=\"core\/file\" class=\"wp-block-file\"><object data-wp-bind--hidden=\"!state.hasPdfPreview\"  class=\"wp-block-file__embed\" data=\"https:\/\/cflformationchr.fr\/wp-content\/uploads\/2026\/04\/Programme-de-formation-NETTOYAGE-EXTREME-APRES-DECES-V1-MAJ-28.04.2026-1.pdf\" type=\"application\/pdf\" style=\"width:100%;height:600px\" aria-label=\"Contenu embarqu\u00e9 Programme-de-formation-NETTOYAGE-EXTREME-APRES-DECES-V1-MAJ-28.04.2026-1.\"><\/object><a id=\"wp-block-file--media-0b151ebe-3d23-4aab-853e-156790e7da0b\" href=\"https:\/\/cflformationchr.fr\/wp-content\/uploads\/2026\/04\/Programme-de-formation-NETTOYAGE-EXTREME-APRES-DECES-V1-MAJ-28.04.2026-1.pdf\">Programme-de-formation-NETTOYAGE-EXTREME-APRES-DECES-V1-MAJ-28.04.2026-1<\/a><a href=\"https:\/\/cflformationchr.fr\/wp-content\/uploads\/2026\/04\/Programme-de-formation-NETTOYAGE-EXTREME-APRES-DECES-V1-MAJ-28.04.2026-1.pdf\" class=\"wp-block-file__button wp-element-button\" download aria-describedby=\"wp-block-file--media-0b151ebe-3d23-4aab-853e-156790e7da0b\">T\u00e9l\u00e9charger<\/a><\/div>\n","protected":false},"excerpt":{"rendered":"<p>Objectifs \u2022 Comprendre les enjeux sanitaires et r\u00e9glementaires lies au nettoyage des sc\u00e8nes de crime. \u2022 Maitriser les normes l\u00e9gales et les protocoles de s\u00e9curit\u00e9 &hellip; <\/p>\n","protected":false},"author":1,"featured_media":0,"parent":0,"menu_order":0,"comment_status":"closed","ping_status":"closed","template":"","meta":{"footnotes":""},"_links":{"self":[{"href":"https:\/\/cflformationchr.fr\/index.php\/wp-json\/wp\/v2\/pages\/2466"}],"collection":[{"href":"https:\/\/cflformationchr.fr\/index.php\/wp-json\/wp\/v2\/pages"}],"about":[{"href":"https:\/\/cflformationchr.fr\/index.php\/wp-json\/wp\/v2\/types\/page"}],"author":[{"embeddable":true,"href":"https:\/\/cflformationchr.fr\/index.php\/wp-json\/wp\/v2\/users\/1"}],"replies":[{"embeddable":true,"href":"https:\/\/cflformationchr.fr\/index.php\/wp-json\/wp\/v2\/comments?post=2466"}],"version-history":[{"count":2,"href":"https:\/\/cflformationchr.fr\/index.php\/wp-json\/wp\/v2\/pages\/2466\/revisions"}],"predecessor-version":[{"id":2469,"href":"https:\/\/cflformationchr.fr\/index.php\/wp-json\/wp\/v2\/pages\/2466\/revisions\/2469"}],"wp:attachment":[{"href":"https:\/\/cflformationchr.fr\/index.php\/wp-json\/wp\/v2\/media?parent=2466"}],"curies":[{"name":"wp","href":"https:\/\/api.w.org\/{rel}","templated":true}]}}